nd q?
2
Let p = -5 - -45. Let y = 1 - -9. Calculate the highest common divisor of p and y.
10
Suppose -5*y - 32 = -122. What is the highest common divisor of y and 27?
9
Let w = -2 + 2. Let a = 10 + w. What is the greatest common factor of 40 and a?
10
Let u(i) = i**3 + 8*i**2 + 10. Let p be (-12)/5*20/6. Let s be u(p). Calculate the greatest common divisor of 60 and s.
10
Suppose -208 = -4*s - 2*d, s - 11 = 5*d + 30. Let i = -101 - -61. Let n be ((-17)/2)/(10/i). What is the highest common divisor of s and n?
17
Suppose -2*f + 5 + 15 = -3*x, 0 = -4*f - 3*x + 4. Suppose -2 = u + 2*u - 4*h, -f*u - 2*h + 12 = 0. What is the greatest common factor of u and 4?
2
Suppose -4*g + 24 = 3*m, g - 4*m + 12 = -1. Suppose 6*h = g*h + 30. What is the greatest common divisor of 1 and h?
1
Suppose r + 4 - 11 = 0. Suppose -5*h + 4*c + c + 110 = 0, 0 = -4*h - 3*c + 81. What is the greatest common factor of r and h?
7
Let g(c) = 4*c**2 - 2*c + 6. Let u be g(-3). What is the greatest common divisor of u and 80?
16
Suppose -s = z - 204, 2*z - 5*s = -s + 432. What is the greatest common divisor of 26 and z?
26
Let f(o) = -2*o + 12. Let v be f(5). Suppose 7*m - 25 = 2*m. What is the highest common factor of m and v?
1
Let o be -4*-2*18/16. Suppose 14*a = 10*a + 288. Calculate the highest common factor of o and a.
9
Suppose -2*g = -g + 2. Let l be -24*g*(-10)/(-6). What is the highest common divisor of 16 and l?
16
Let g be 0/(-18) - 1*-15. Calculate the highest common factor of g and 6.
3
Suppose 13 = 3*f - 5. Suppose 0 = -5*t + 5, -4 = -3*i - 3*t - 1. Suppose 3*y + 15 = i, 60 = -a + f*a + 3*y. What is the highest common divisor of 3 and a?
3
Suppose 0 = 5*p + 20, -5*p + 6*p = -2*t + 36. What is the highest common factor of 140 and t?
20
Let t be (-25 + 0)*12/(-30). Let z be (4/(-6))/(t/(-135)). What is the greatest common factor of 1 and z?
1
Let u = -37 - -82. Calculate the highest common divisor of u and 9.
9
Suppose -38 = -4*l - 10. Suppose 0 = 5*t + 20, -3*a = t - 29 - 9. What is the greatest common divisor of a and l?
7
Let m = 5 + -3. Suppose 4*s = w + m*w - 13, -s = -5*w + 50. Suppose g + 5*t - 3 = 8, -5*t = -2*g - 8. What is the highest common factor of g and w?
1
Suppose 7*o - 16 = 3*o. Let v = o - 3. Calculate the greatest common factor of 3 and v.
1
Let v(f) = f**2 + 7*f - 30. Let b be v(-14). What is the highest common factor of b and 17?
17
Let h = -24 + 36. Calculate the greatest common factor of 12 and h.
12
Suppose -2*n + 0*j = -3*j + 13, 7 = -2*n + 5*j. Let o = -7 - n. Calculate the greatest common factor of 36 and o.
4
Let r = -6 - -11. Suppose 430 = 4*j + 5*h, 4*j + 3*h - 416 = r*h. What is the highest common divisor of 15 and j?
15
Let c(v) = 2*v**2 + v - 4. Let b be c(4). Calculate the highest common divisor of b and 4.
4
Let s(j) = -j**3 - 11*j**2 + 6. Let x be s(-7). Let a = x - -393. What is the greatest common divisor of a and 29?
29
Let f(o) = -o + 16. Let v be f(7). Let t = v + 1. What is the highest common divisor of 110 and t?
10
Suppose -3*p = -4*p + 64. Let s = -39 + p. Let u = 35 - s. Calculate the greatest common factor of u and 1.
1
Let a(d) = 25*d - 1. Let k be a(1). Suppose -2*h = 2*h. Suppose h*f = f - 12. What is the highest common divisor of k and f?
12
Let n(u) = -38*u - 56. Let r be n(-4). What is the highest common factor of 24 and r?
24
Let a(f) = -f**3 - 2*f**2 + f - 3. Let i be a(-3). What is the highest common factor of 6 and i?
3
Suppose f + 0 + 8 = 2*p, 0 = -5*p - 5*f + 50. Let j be 6 - (-2)/(-4)*p. What is the highest common factor of 24 and j?
3
Let h be 21/(-6)*(-4 - 2 - 0). What is the greatest common factor of h and 168?
21
Let n be (-20)/(-3) - (10/(-15))/2. What is the highest common divisor of 28 and n?
7
Let z(g) = -4*g**3 - 3*g**2 + g + 6. Let f be z(-3). Calculate the highest common factor of 126 and f.
42
Let x(f) = f**3 + 5*f**2 - 2*f - 4. Let u be x(-6). Let i = 34 + -90. Let q = u - i. What is the highest common divisor of q and 70?
14
Let s = 163 + -110. Suppose 5 = -4*i + s. Calculate the greatest common divisor of 84 and i.
12
Let u(o) = 5*o**2 + o + 6. Let y be u(3). What is the greatest common divisor of y and 18?
18
Suppose -5*j = 0, 3*j - 69 = -z + 46. What is the greatest common factor of 23 and z?
23
Let x be -2 + -2 + (-248)/(-2). Let s = -87 - -150. Suppose z + 54 = 3*r + 4*z, -s = -4*r - z. What is the greatest common factor of r and x?
15
Suppose -9 + 31 = 2*h. Suppose -2*k + h = -33. Let f = k - -86. What is the highest common divisor of f and 12?
12
Let i(g) = g**2 + g - 2. Let c be i(3). What is the highest common divisor of c and 80?
10
Suppose 0 = 2*d - 0*d - 30. Let p be (-1 - -1 - -2) + 163. Calculate the highest common factor of d and p.
15
Suppose 5*j - 54 = 3*n, -5*j + 4*n - 2*n + 51 = 0. Calculate the highest common factor of j and 99.
9
Suppose w + 2*k + 78 = -w, 0 = 4*k + 12. Let m = -19 - w. Calculate the highest common divisor of 102 and m.
17
Let i = 5 + -1. Suppose 5*r + 12 = -2*c, 2*r = -c - 2*c + i. What is the greatest common factor of c and 12?
4
Let a(s) = 6*s - s**3 + 6*s**3 + 1 - 4*s**3 + 8*s**2. Let i be a(-7). Calculate the highest common divisor of 8 and i.
8
Let s = 19 + 6. Calculate the highest common factor of 275 and s.
25
Let o(q) = q**2 + 7*q + 1. Let n be o(-7). Let h be 3 - 2 - (-52)/n. Let x = h + 79. What is the highest common factor of x and 12?
12
Suppose -z - 6 = -2*t, -6 + 0 = -3*z. Suppose -t*p + 8 = 3*m - 2, -5*m + 34 = -2*p. Calculate the highest common factor of m and 54.
6
Let j be 12/(-66) + (-46)/(-11). Calculate the highest common factor of j and 28.
4
Suppose 0 = z - 3*z + 3*a + 40, -58 = -5*z - 3*a. What is the greatest common divisor of 2 and z?
2
Let z(n) = -2*n + 0 - 7*n**2 + n**3 + 2*n**2 + 2 - 6. Let v be z(6). Suppose 0*s + v = 4*s. What is the greatest common factor of 10 and s?
5
Let f(c) = 7*c - 50. Let z be f(20). What is the highest common divisor of z and 36?
18
Let w be (11 - -2) + 4/(-4). What is the highest common factor of 24 and w?
12
Suppose 3*x + 2*j = -j + 114, -106 = -3*x + j. Suppose 0 = a - 18. What is the highest common factor of a and x?
18
Let n be 2*((-15)/(-6) - -4). Calculate the highest common divisor of n and 91.
13
Suppose 2*f - 10 = -d + 5*d, 10 = 2*d + 4*f. Let q = d + 5. Let m = -6 + 8. Calculate the highest common factor of m and q.
2
Suppose a - 4 = -a. Let t = -1 + 4. Calculate the highest common divisor of a and t.
1
Let d(y) = y**2 + 10*y + 14. Let v be d(-10). Calculate the greatest common divisor of v and 35.
7
Let a(y) = -5*y + 4. Let m be a(-3). Calculate the greatest common factor of 38 and m.
19
Suppose 0 = -0*w - 3*w + 45. Suppose -w = -5*v - 0. Let u be (2 - v)/(1/(-14)). Calculate the highest common divisor of u and 21.
7
Suppose 0*t + 4*t - 392 = 0. Suppose 0 = 3*n - n - 28. Calculate the highest common divisor of t and n.
14
Suppose 0 = 4*l - 3*o - 81, 3*l + 2*o + 3*o - 39 = 0. Let z(p) = p**2 + 7*p + 9. Let x be z(-7). Calculate the highest common factor of x and l.
9
Let t be ((-24)/16)/(6/(-16)). Suppose -78 = o - t*o. Suppose 2*x - 78 = -4*v, 6*x - 117 = 3*x + 2*v. Calculate the highest common divisor of o and x.
13
Let y(f) = -2*f + 4. Let c be y(-6). Suppose 58 = 3*r + r + 3*u, 5*r + u - 78 = 0. What is the highest common divisor of r and c?
16
Let h = -31 + 13. Let p = h - -54. Calculate the highest common factor of 252 and p.
36
Let y = -9 + 11. What is the greatest common factor of y and 2?
2
Let x = -102 - -187. Let p be -1 - -1 - (1 + -18). Calculate the highest common divisor of x and p.
17
Let u(a) = -a - 4*a - 8*a**2 - 13 - 2*a**2 + a**3 - 4*a. Let p be u(11). Calculate the greatest common divisor of p and 1.
1
Let j = 5 + 5. Suppose 0*d - 35 = 5*d. Let k = 22 + d. What is the highest common divisor of j and k?
5
Let a(i) = 21*i**2 + 1. Let y be a(-1). Calculate the highest common factor of 55 and y.
11
Let o be 3/(-3) + 1 + 171. Let t = o + -80. Let y(z) = 2*z**2 + 6*z - 7. Let k be y(-5). Calculate the highest common factor of k and t.
13
Suppose -96 = -5*j - 6. What is the highest common divisor of j and 12?
6
Let z = 5 - -4. Let g = z - 9. Suppose g*r + 3*r = 24. Calculate the greatest common divisor of 88 and r.
8
Let n(k) = k**2 - k - 8. Let q be n(-5). Calculate th